digit of 2439375023?
4
What is the thousands digit of 61762118?
2
What is the ten thousands digit of 965081339?
8
What is the hundred thousands digit of 135847233?
8
What is the hundreds digit of 48884931?
9
What is the thousands digit of 107418597?
8
What is the hundreds digit of 5133969475?
4
What is the tens digit of 31341502?
0
What is the units digit of 8994542?
2
What is the hundred thousands digit of 16436490?
4
What is the millions digit of 617461816?
7
What is the tens digit of 17990479?
7
What is the millions digit of 42859891?
2
What is the hundred thousands digit of 12259657?
2
What is the millions digit of 239653155?
9
What is the millions digit of 3687712574?
7
What is the hundred thousands digit of 5016717477?
7
What is the hundreds digit of 366704677?
6
What is the tens digit of 5891931836?
3
What is the tens digit of 659140509?
0
What is the hundreds digit of 49864855?
8
What is the hundreds digit of 278557394?
3
What is the ten thousands digit of 1280380609?
8
What is the hundred thousands digit of 675218067?
2
What is the ten millions digit of 346883830?
4
What is the ten thousands digit of 3699962?
9
What is the hundred millions digit of 3350316096?
3
What is the tens digit of 371283195?
9
What is the hundred thousands digit of 974280248?
2
What is the hundreds digit of 33110083?
0
What is the billions digit of 2810798867?
2
What is the ten thousands digit of 44382123?
8
What is the hundred millions digit of 4094025989?
0
What is the tens digit of 110438130?
3
What is the units digit of 117142701?
1
What is the ten thousands digit of 27380458?
8
What is the hundreds digit of 53478513?
5
What is the millions digit of 34224477?
4
What is the millions digit of 273825888?
3
What is the hundred thousands digit of 4579957193?
9
What is the ten millions digit of 105297430?
0
What is the ten thousands digit of 794917420?
1
What is the millions digit of 16698293?
6
What is the millions digit of 1019241339?
9
What is the hundreds digit of 95840321?
3
What is the hundred millions digit of 2171238439?
1
What is the millions digit of 419102845?
9
What is the units digit of 647986341?
1
What is the tens digit of 751653725?
2
What is the hundred thousands digit of 203674831?
6
What is the ten thousands digit of 380948525?
4
What is the hundreds digit of 882741234?
2
What is the millions digit of 90234285?
0
What is the hundred thousands digit of 2195702745?
7
What is the hundreds digit of 64327728?
7
What is the tens digit of 269349510?
1
What is the hundred thousands digit of 38606722?
6
What is the hundred millions digit of 720917174?
7
What is the billions digit of 3652699391?
3
What is the thousands digit of 4753783781?
3
What is the hundreds digit of 120272581?
5
What is the hundred thousands digit of 512953978?
9
What is the units digit of 2878039354?
4
What is the units digit of 1722768403?
3
What is the ten thousands digit of 6211756581?
5
What is the tens digit of 112608843?
4
What is the millions digit of 453945232?
3
What is the tens digit of 72843830?
3
What is the tens digit of 754580146?
4
What is the thousands digit of 175183786?
3
What is the hundred thousands digit of 412685027?
6
What is the millions digit of 89883404?
9
What is the ten millions digit of 288807730?
8
What is the millions digit of 158216382?
8
What is the millions digit of 1360007290?
0
What is the ten thousands digit of 3126912527?
1
What is the hundreds digit of 1850897087?
0
What is the hundred thousands digit of 254369936?
3
What is the tens digit of 3005874194?
9
What is the thousands digit of 44820281?
0
What is the thousands digit of 767336569?
6
What is the units digit of 3061570144?
4
What is the millions digit of 146862284?
6
What is the hundred thousands digit of 91006760?
0
What is the hundreds digit of 4038928960?
9
What is the millions digit of 188836566?
8
What is the hundred thousands digit of 1173959766?
9
What is the ten millions digit of 232418988?
3
What is the hundreds digit of 952127425?
4
What is the millions digit of 966465323?
6
What is the millions digit of 229998620?
9
What is the units digit of 153416?
6
What is the hundred millions digit of 171682582?
1
What is the tens digit of 2379546471?
7
What is the millions digit of 3272643?
3
What is the units digit of 6833181?
1
What is the millions digit of 828683711?
8
What is the ten millions digit of 1831460196?
3
What is the millions digit of 1432873972?
2
What is the ten millions digit of 54476778?
5
What is the billions digit of 2232905190?
2
What is the hundred thousands digit of 36347098?
3
What is the units digit of 413333021?
1
What is the hundreds digit of 44694492?
4
What is the ten millions digit of 467823663?
6
What is the hundred millions digit of 440093670?
4
What is the units digit of 272665069?
9
What is the hundreds digit of 221951538?
5
What is the tens digit of 15573204?
0
What is the tens digit of 1772206312?
1
What is the ten millions digit of 300378503?
0
What is the units digit of 239212961?
1
What is the units digit of 82596025?
5
What is the hundred millions digit of 165359697?
1
What is the hundred millions digit of 5172024583?
1
What is the hundred thousands digit of 4871534557?
5
What is the units digit of 2159887999?
9
What is the hundred millions digit of 565691769?
5
What is the hundreds digit of 5070205651?
6
What is the hundreds digit of 5248924?
9
What is the hundreds digit of 239849210?
2
What is the hundreds digit of 436613616?
6
What is the ten millions digit of 256826276?
5
What is the hundred thousands digit of 866844431?
8
What is the thousands digit of 2186624742?
4
What is the hundred millions digit of 635964699?
6
What is the ten thousands digit of 4935606522?
0
What is the millions digit of 2012034168?
2
What is the ten millions digit of 528239784?
2
What is the billions digit of 1551694076?
1
What is the billions digit of 1373570608?
1
What is the hundred thousands digit of 29464082?
4
What is the thousands digit of 131560058?
0
What is the hundreds digit of 153511875?
8
What is the hundreds digit of 83309674?
6
What is the units digit of 29062307?
7
What is the hundred thousands digit of 75737304?
7
What is the tens digit of 1111108480?
8
What is the hundreds digit of 49779945?
9
What is the hundreds digit of 93722809?
8
What is the hundreds digit of 399805272?
2
What is the tens digit of 7756371230?
3
What is the thousands digit of 130159056?
9
What is the thousands digit of 12728761?
8
What is the hundreds digit of 3524535598?
5
What is the hundred millions digit of 179010519?
1
What is the thousands digit of 60727532?
7
What is the hundred thousands digit of 84115815?
1
What is the ten millions digit of 94692281?
9
What is the thousands digit of 55573137?
3
What is the hundred thousands digit of 1787181?
7
What is the ten millions digit of 443317822?
4
What is the units digit of 98903578?
8
What is the millions digit of 230965865?
0
What is the thousands digit of 9288352?
8
What is the thousands digit of 6086659901?
9
What is the hundreds digit of 3031434867?
8
What is the thousands digit of 167011885?
1
What is the ten millions digit of 276611801?
7
What is the hundred thousands digit of 196187570?
1
What is the ten thousands digit of 534302337?
0
What is the units digit of 593685104?
4
What is the hundred thousands digit of 113135733?
1
What is the units digit of 399919686?
6
What is the ten millions digit of 60280555?
6
What is the ten millions digit of 47810784?
4
What is the ten thousands digit of 45741453?
4
What is the ten millions digit of 2068056196?
6
What is the units digit of 1259752463?
3
What is the thousands digit of 1381465212?
5
What is the thousands digit of 537705439?
5
What is the millions digit of 345593500?
5
What is the hundred millions digit of 283541778?
2
What is the thousands digit of 1251191242?
1
What is the ten millions digit of 2329888541?
2
What is the ten millions digit of 62835700?
6
What is the ten millions digit of 62164296?
6
What is the tens digit of 654100770?
7
What is the tens digit of 3560399582?
8
What is the tens digit of 4057269?
6
What is the millions digit of 3717535153?
7
What is the units digit of 5044093911?
1
What is the ten millions digit of 2487252558?
8
What is the hundred tho